(3).
7
Let l(b) = -7*b - 133. Determine l(-18).
-7
Let n(l) = 2*l**2 - 17*l + 28. Determine n(3).
-5
Let s(x) = -x**2 + 6*x + 1. Calculate s(5).
6
Let k(c) = -2*c**2 + 11*c + 38. What is k(8)?
-2
Let l(i) = -i**3 + i**2 - i - 1. Calculate l(-1).
2
Let n(k) = -k**3 - 7*k**2 - 12*k - 19. Calculate n(-5).
-9
Let k(w) = -w - 4. Determine k(-9).
5
Let z(f) = -f**3 + 10*f**2 + 19*f + 33. Calculate z(12).
-27
Let z(k) = -k - 3. What is z(-5)?
2
Let l(u) = u**2 + 54*u - 183. Determine l(-57).
-12
Let y(k) = -k**2 - 8*k. Calculate y(-8).
0
Let c(n) = n**3 - 6*n**2 - 17*n + 15. What is c(8)?
7
Let b(l) = 7*l - 299. Calculate b(43).
2
Let m(p) = -p**3 + 20*p**2 - 20*p + 25. Determine m(19).
6
Let m(j) = -3*j - 5. Calculate m(7).
-26
Let g(n) = -2*n - 10. Determine g(-6).
2
Let o(g) = g**3 + 25*g**2 + 39*g - 155. Calculate o(-23).
6
Let b(a) = a**2 - 18*a - 56. Determine b(21).
7
Let f(s) = -s**3 + 10*s**2 - 22*s + 3. Calculate f(7).
-4
Let x(r) = 2*r**2 - 42*r + 42. What is x(20)?
2
Let v(f) = f**2 + 11*f - 1. Determine v(-12).
11
Let n(k) = -k**3 - 2*k**2 + 3*k - 4. Determine n(-4).
16
Let h(x) = -5*x - 6. Calculate h(-4).
14
Let v(j) = j**2 + 12*j + 14. Determine v(-11).
3
Let s(c) = c**3 - 8*c**2 + 7. Give s(8).
7
Let h(g) = -g**3 - 5*g**2 + 2*g + 22. Give h(-4).
-2
Let f(p) = 2*p + 21. Give f(-13).
-5
Let p(b) = -2*b**3 + 9*b**2 - 6*b + 36. Determine p(5).
-19
Let j(x) = -x**2 + x + 12. Determine j(-6).
-30
Let j(w) = w**2 - 22*w + 8. Give j(21).
-13
Let m(i) = -3*i**2 - 6*i + 3. Determine m(-2).
3
Let w(m) = -m**2 - 39*m - 316. What is w(-27)?
8
Let t(l) = 9*l - 6. What is t(2)?
12
Let y(h) = -2*h**2 - 2*h - 7. Give y(6).
-91
Let p(l) = -6*l**3 + 4*l**2 + 5*l + 2. Determine p(-2).
56
Let g(p) = -3*p**2 + 76*p - 99. Give g(24).
-3
Let y(i) = i**2 + 7*i - 16. Determine y(3).
14
Let r(v) = -v**2 - 12*v - 23. Calculate r(-9).
4
Let o(m) = 12*m. Give o(-1).
-12
Let h(u) = -u - 12. Give h(-3).
-9
Let r(m) = -m**3 + 18*m**2 + 18*m + 14. What is r(19)?
-5
Let c(h) = -2*h - 40. Calculate c(-14).
-12
Let s(d) = -d**2 - 10*d + 1. What is s(-8)?
17
Let r(g) = g**3 - 6*g**2 + 8*g - 3. Calculate r(5).
12
Let t(g) = g**3 - 7*g**2 - 8*g + 8. Give t(7).
-48
Let m(s) = s**3 + 5*s**2 - 4*s - 3. What is m(-6)?
-15
Let k(g) = 6*g + 46. Determine k(-7).
4
Let o(l) = -l**3 + 30*l**2 - 149*l + 1. Calculate o(6).
-29
Let d(v) = -v**2 - 2*v + 30. Give d(0).
30
Let q(s) = 23*s + 233. Calculate q(-10).
3
Let w(t) = 3*t**2 - 4*t - 8. Determine w(4).
24
Let n(q) = q**2 - 13*q + 4. Determine n(11).
-18
Let w(z) = -6*z**2 - 6*z - 10. Give w(-2).
-22
Let a(d) = -d - 11. Calculate a(-8).
-3
Let c(k) = -2*k**2 + 7*k + 8. Give c(5).
-7
Let s(a) = a**3 + 14*a**2 - 15*a - 13. Give s(-15).
-13
Let t(z) = 46*z - 2. Determine t(-1).
-48
Let m(b) = -b**3 - 19*b**2 - 24*b - 107. Calculate m(-18).
1
Let g(j) = -j**3 - j**2 + 17*j + 22. What is g(-4)?
2
Let g(m) = -3*m**2 + 5*m + 2. Calculate g(5).
-48
Let c(y) = -y**3 - 8*y**2 + 5*y + 12. Determine c(-9).
48
Let m(n) = -n + 8. Give m(3).
5
Let i(m) = -5*m**2 + 4. Calculate i(2).
-16
Let s(t) = -t**3 + 8*t**2 - 33*t + 101. Determine s(5).
11
Let i(v) = 7*v**2 + 49*v + 8. Give i(-7).
8
Let k(v) = -v**2 - 15*v - 31. Calculate k(-5).
19
Let n(c) = -c**3 - 8*c**2 + 2*c - 8. Give n(0).
-8
Let j(i) = -i**3 - 2*i**2 + 3*i - 2. What is j(-3)?
-2
Let g(w) = -7*w + 2. Determine g(-2).
16
Let c(a) = a**3 + 49*a**2 + 51*a + 151. What is c(-48)?
7
Let c(l) = -4*l**2 + 4*l + 5. Give c(-3).
-43
Let h(y) = y**3 + 6*y**2 - 3. Determine h(-4).
29
Let o(f) = f - 12. Determine o(19).
7
Let y(u) = u**2 - 16*u + 28. What is y(14)?
0
Let b(s) = -4*s + 5. Determine b(-2).
13
Let q(y) = 8*y + 157. Give q(-21).
-11
Let j(i) = -2*i**2 - 20*i - 5. Give j(-9).
13
Let b(p) = p**3 - 23*p**2 - 138*p - 67. Calculate b(28).
-11
Let k(d) = 4*d - 18. Give k(6).
6
Let l(y) = -3*y - 23. Calculate l(-6).
-5
Let g(n) = 3*n + 60. Give g(-19).
3
Let i(o) = 7*o**2 + 17*o - 7. What is i(-3)?
5
Let l(d) = 3*d + 10. Determine l(-2).
4
Let s(k) = k - 10. What is s(-13)?
-23
Let r(x) = -x**3 + x**2 - x - 3. Give r(6).
-189
Let m(s) = -s**3 + 4*s**2 + 6*s - 8. Give m(5).
-3
Let i(b) = b - 12. Calculate i(6).
-6
Let g(z) = z**3 + 32*z**2 + 18. What is g(-32)?
18
Let j(o) = -17*o - 8. Calculate j(-6).
94
Let o(g) = 44*g - 14. What is o(-1)?
-58
Let l(s) = s**3 + 12*s**2 + 9*s - 12. Give l(-11).
10
Let q(l) = l**2 + 84*l - 358. Give q(4).
-6
Let k(f) = 5*f**2 - 2*f + 5. Calculate k(1).
8
Let m(i) = i**2 + 9*i + 3. Give m(-9).
3
Let p(z) = z**2 + 3*z - 7. What is p(-7)?
21
Let l(j) = j**3 - 9*j**2 + 9*j - 11. Give l(8).
-3
Let o(s) = s**3 - 15*s**2 - 17*s + 17. Determine o(16).
1
Let m(c) = -123*c**3 - c**2 - c - 1. Calculate m(-1).
122
Let v(i) = 2*i**2 - 54*i + 222. Give v(22).
2
Let t(k) = -k**2 + 6*k + 12. Give t(9).
-15
Let m(x) = -2*x**2 - 30*x - 40. What is m(-13)?
12
Let j(q) = -q**2 + 7*q + 42. Give j(10).
12
Let r(j) = j**3 - 10*j**2 + 9*j - 16. What is r(9)?
-16
Let c(k) = k**3 - 2*k**2 - 5*k - 14. Calculate c(4).
-2
Let o(i) = i**3 - 4*i**2 + i + 1. Give o(3).
-5
Let w(g) = -3*g + 12. What is w(3)?
3
Let w(z) = -69*z + 15. Determine w(0).
15
Let g(d) = d**2 - 14*d - 12. What is g(11)?
-45
Let o(y) = -2*y**3 + y**2 + 2*y + 3. What is o(-2)?
19
Let b(q) = -q - 19. Give b(-13).
-6
Let w(b) = -2*b - 6. Give w(-6).
6
Let o(a) = -a**3 + 14*a**2 + 13*a + 7. Give o(15).
-23
Let a(q) = q**2 - 4*q - 5. Give a(-4).
27
Let y(v) = -2*v**2 + 43*v - 6. Calculate y(21).
15
Let c(i) = i**2 + 21*i + 97. Determine c(-7).
-1
Let m(n) = -2*n**2 + 55*n + 92. Give m(29).
5
Let y(m) = m**3 + m**2 - 2. Determine y(0).
-2
Let l(y) = -3*y + 13. Determine l(2).
7
Let r(q) = q - 13. Calculate r(14).
1
Let s(z) = -z**2 + 73. Calculate s(8).
9
Let h(g) = -4*g + 21. Determine h(7).
-7
Let a(d) = 11*d**2 - 4*d + 5. Calculate a(2).
41
Let c(s) = -98*s + 685. Give c(7).
-1
Let r(h) = -5*h**2 - 5*h + 4. Give r(1).
-6
Let f(r) = r**3 - 4*r**2 + 4*r + 12. Give f(6).
108
Let w(v) = v**3 + v - 27. What is w(0)?
-27
Let z(i) = -i + 22. Calculate z(15).
7
Let f(s) = -63*s**3 + s**2 - 1. What is f(-1)?
63
Let t(a) = a**3 - 5*a**2 - 6*a - 5. Determine t(6).
-5
Let y(h) = h**3 - 8*h**2 - 12*h + 34. Calculate y(9).
7
Let n(x) = -x**3 + 3*x**2 + 2*x - 3. Give n(3).
3
Let i(z) = -z + 10. Calculate i(8).
2
Let s(u) = u**3 - 11*u**2 - 4*u - 67. Determine s(12).
29
Let u(k) = k**3 + 11*k**2 - 9*k - 1. What is u(-12)?
-37
Let y(s) = 9*s - 25. Give y(9).
56
Let a(p) = p**3 + 5*p**2 + p + 2. Determine a(-5).
-3
Let l(r) = -r**3 - 5*r**2 - 2*r - 7. Determine l(-5).
3
Let r(b) = 2*b**2 - 23*b + 23. What is r(1)?
2
Let c(u) = -u**2 + 12*u - 3. What is c(11)?
8
Let j(b) = -3*b. What is j(5)?
-15
Let j(c) = 2*c**3 + 4*c**2 + 2. Determine j(-3).
-16
Let r(j) = 2*j**2 + 9*j. Calculate r(-8).
56
Let z(f) = -f**3 - 2*f**2 - f - 1. What is z(2)?
-19
Let q(h) = 22*h - 76. Calculate q(3).
-10
Let s(x) = -x**2 - 26*x - 63. What is s(-21)?
42
Let i(q) = -q**3 - 5*q**2 - 4. Calculate i(-3).
-22
Let g(v) = -2*v**2 + 44*v + 87. What is g(-2)?
-9
Let k(t) = -9*t**2 + t - 1. Give k(-2).
-39
Let t(h) = h**3 - 11*h**2 + 22*h + 5. Determine t(8).
-11
Let s(g) = 37*g + 1. Give s(1).
38
Let v(j) = -7*j**3 - 2*j**2 + 4*j - 3. Determine v(2).
-59
Let d(x) = x**3 + 15*x**2 + 14*x - 2. Give d(-14).
-2
Let x(s) = -s**2 + 10*s + 19. Determine x(14).
-37
Let i(l) = -3*l**2 - 6*l + 1. What is i(-5)?
-44
Let o(a) = a**3 + 5*a**2 - 9*a - 12. Determine o(-6).
6
Let g(q) = -6*q - 101. Calculate g(-16).
-5
Let a(j) = -j - 25. Give a(-8).
-17
Let o(x) = 2*x**2 - 12*x + 8. Give o(5).
-2
Let o(l) = 11*l - 3. Calculate o(5).
52
Let p(c) = -22*c - 9. Determine p(4).
-97
Let r(c) = -36*c + 2. Give r(1).
-34
Let i(g) = 2*g**3 + 6*g**2 - 5*g + 17. Calculate i(-4).
5
Let k(r) = 3*r - 28. What is k(12)?
8
Let n(b) = 43*b + 2. Determine n(3).
131
Let v(q) = -13*q - 85. Give v(-7).
6
Let s(c) = -11*c**2 - c + 2. Give s(1).
-10
Let a(g) = -57*g + 284. What is a(5)?
-1
Let z(o) = o**3 + 5*o**2 + 3*o + 2. Calculate z(-6).
-52
Let b(o) = -2*o**3 + 10*o**2 + 3*o. Give b(5).
15
Let p(r) = -r**3 - 3*r**2 - 2. Calculate p(-4).
14
Let u(l) = 2*l**3 - 17*l**2 + 11*l - 19. Give u(8).
5
Let n(j) = -2*j**3 - 4*j**2 + 8*j + 3. Calculate n(-5).
113
Let l(w) = -w**3 + 10*w**2 + 11*w + 8. Give l(